 - 16 - -42 - 33 - (-1 + -89 + -3)?
107
Evaluate (17 - (11 - -9)) + 32.
29
Calculate 7 + -15 - 8 - -8 - 17.
-25
Evaluate -11 - 1 - (-46 - -53 - (1 - 28)).
-46
-922 + 942 - (-1 - 21)
42
What is -20 + 0 + 17 + -263 + 254 - 68?
-80
What is 8 - (-9 - (10 - 19 - -30))?
38
What is the value of 33 - 41 - (4 + -8 + 6 + (-80 - 2))?
72
What is the value of 235 + -10 - (-561 - -656)?
130
5 - (17 + (-19 - -35) - 6)
-22
2 - 12 - ((-2 - (-23 + 11)) + -123 + 12)
91
What is the value of (11 - (-19 + 10 + 11 - -2)) + 24?
31
(-12 + -3 + 0 - -1) + 9 - (7 - -2)
-14
What is the value of 18 + (-3 - (0 - (25 - 13))) + 15?
42
What is (35 - (15 + 22)) + (3 - 1)?
0
What is the value of -1 - -25 - (59 + 141 + -219)?
43
Evaluate -7 + (-56 - ((5 - 0) + -51 + (-33 - -77))).
-61
Calculate 39 + (47 - (78 - 60)).
68
Evaluate -54 - (50 + -53 + -25).
-26
Evaluate 2 - 23 - (-112 - -106 - 142).
127
(912 - 879) + (6 - (149 + -4))
-106
Evaluate -21 - (-12 + 90) - 33 - -24.
-108
Evaluate 1781 - 1801 - (5 + -5).
-20
What is the value of -36 - (-5 - (-24 - -55))?
0
Calculate 111 + -102 + (-2 + 0 - 1).
6
Calculate -2 + (8 - (-19 - -10)) - (-21 - 14).
50
32 - (0 + 11 + -7 + -16)
44
Evaluate (-56 - -82 - 25) + -18 + 0.
-17
What is the value of (3 - (41 + (1 - -5))) + -20 + 37 + -21?
-48
Calculate (2 - 17) + (7 - (-13 + -6 + (2 - 24))).
33
(-1 - 10) + (-62 + -27 + 79 - (-44 - -1))
22
What is -154 + 15 - (16 - 123)?
-32
What is the value of 0 - (0 - (3 + 6 - (13 - (29 - 9))))?
16
-5 - (6 + (-32 - -5) + 33)
-17
Evaluate (6 + -2 - 2) + 40 + (-93 - -18) + -7.
-40
Calculate 8 + 8 + (44 - 43) + -1.
16
-3 + -18 + (-366 - -367)
-20
Evaluate -63 - ((-58 - 12) + 23).
-16
Evaluate (42 - (21 + 6)) + -43.
-28
130 + 3 - (506 - 490)
117
Evaluate (-17 - 78 - -10) + 36.
-49
Calculate (-51 + -13 - -73) + (6 - (-18 - -3)).
30
Evaluate 9 + 45 + -45 + 9 + 14.
32
(63 + -6 - (-3 - (12 + -11 + 4))) + -7
58
What is the value of 44 - (3 - 2 - 3) - (103 + -95)?
38
What is the value of 1 - -60 - (408 + -360)?
13
Calculate (-80 + 46 - -17) + (1 - -40).
24
Evaluate -106 - (75 + -225) - (31 - -1).
12
-18 - -26 - (-41 - (6 + (-1 - 2 - 5)))
47
Evaluate -7 + -8 + 8 + 3 + -117 + 111.
-10
Evaluate (-18 + 11 - -11) + 12 + 1 + 9.
26
What is (-28 - -18 - -1) + 10 + -4 + -28?
-31
Evaluate 2012 - 1976 - (66 - 0).
-30
Evaluate 16 + -8 + 0 + -12 + 25 + -13.
8
What is the value of -41 + -404 + 427 + 0 + -15?
-33
Evaluate (-21 - 11 - -63) + (-3 - 12) + -1 + -6.
9
Calculate -11 - ((-51 - -34) + 6 + 28).
-28
What is the value of (-16 - (-1 + 58)) + (5 + -5 - -8)?
-65
What is the value of -25 - 0 - (-527 - -532)?
-30
Evaluate -225 + 1 + 283 + -178.
-119
Calculate -1 + 40 + -1 - (72 - (6 + 58)).
30
What is 15 - ((-12 - -3) + 47) - -10?
-13
-29 - (-41 - -65 - 22)
-31
What is -8 - (14 + -4 - 16 - -16 - 23)?
5
Evaluate 0 + 12 + 20 + (20 - (-34 + 127)).
-41
Evaluate -64 - (-42 + 49 + -23).
-48
What is 11 - -3 - (23 + (-9 - 3)) - -64?
67
What is the value of 44 + (-9 - -3 - -2) - (74 + -73)?
39
Calculate 157 + -159 + 14 - (1 - (25 + -2)).
34
What is (7 - (83 + 6)) + 9 - (18 - (-22 - -50))?
-63
Evaluate 22 + (10 - (-2 + -6) - (-5 + -7)).
52
(-21 - (4 - 11)) + -14 + (36 - 6)
2
Calculate 12 - (-26 + (-5 - -31) + 7 + -2).
7
What is the value of (-585 - -549) + 49 + -3 + (-21 - -1)?
-10
Evaluate -11 + 46 + -29 - 72 - (-9 - -2).
-59
Evaluate -16 + (-10 + 19 - 3 - (16 - 2)).
-24
What is (-44 - 2) + (11 - (165 + -172 - (-11 - 0)))?
-39
Calculate (-1 - 4) + 76 + (-22 - (-4 + -4)).
57
Evaluate 42 - (68 + (50 - 94)).
18
What is the value of 1 + 5 - (4 - 3 - 30)?
35
Evaluate (23 - (1 + -1 - (-161 + 150))) + -39.
-27
What is the value of -8 - 49 - (180 + -217)?
-20
Evaluate -10 - -1 - (-26 + 22) - (-15 - -25).
-15
What is -111 + 169 + 52 - 4?
106
0 - (-36 + 15 + 12 + -12) - -15
36
Evaluate 10 + -13 - -135 - 58.
74
-30 + (19 - 28) + 110
71
Evaluate -121 + (-35 - (-20 - 42) - -2).
-92
What is (-1 - -12 - (-294 + 296)) + (0 + 14 - 1)?
22
What is 55 + (82 - 58) + -1 + -8 + -7?
63
What is the value of 15 - -18 - (52 + -54)?
35
(18 + -36 - 52) + 36
-34
What is the value of (-4 + -11 + (32 - 7) - 96) + 16?
-70
What is (36 - 48) + (-18 - 17)?
-47
-44 - (89 - -14) - -62
-85
Evaluate (100 - -44) + -115 + 1.
30
Calculate 8 + (1 - (44 + -5) - -72).
42
(11 - 8) + (-9 - 1) + (-18 + 71 - 51)
-5
-5 + (990 + -872 - (11 - 1))
103
-11 + (-8 - -34 - 11) - ((6 - 67) + -3)
68
(-9051 - -9059) + (0 - 22) + -1 + 61
46
What is the value of (-50 + 22 - -38) + -1 + 1 - (-3 + -16)?
29
What is the value of (16 - 10) + -13 + 3 + -68 - -13?
-59
What is the value of 73 - (-6 + 26 + 69)?
-16
Evaluate (3 + 0 - 10) + (-538 + 280 - -315).
50
(11 + -4 + 1 - (-29 - -38)) + 24 + -5
18
Calculate -53 - (0 + -3 + 18 - 18).
-50
What is the value of 3 + 2 + (181 - 162)?
24
Calculate 7 - (-7 + -5 + 12 + 6 + 3 - 1).
-1
What is (-75 - (0 + -1)) + 3 + 62 + (1161 - 1231)?
-79
-124 - (-152 - -69) - -15
-26
What is -14 + -5 - (1 + 18 - 47)?
9
Evaluate -13 + -1 + 30 + -2 + (-428 - -370).
-44
What is 67 + (41 - -20 - 202)?
-74
42 + -1 + -171 + 184 + -42
12
What is -7 + (-7 - -42) + (-12 - 1) - -16?
31
Calculate 2 + -4 + -2 + (-114 - -57) + -19.
-80
What is the value of -134 - (102 + -123 + -73)?
-40
Calculate 6 + 16 + 2 + -12 + 2 + -1.
13
What is -1 + -47 - (-51 - (-37 + -34))?
-68
Calculate 130 - 127 - (-21 - (4 + -4)).
24
Evaluate 7 + -6 + -5 - (-236 + 319).
-87
Calculate -1 - (-1 + 13 + -19 + -1 + (-187 - -195)).
-1
Calculate 8 - (-18 - -66) - -61.
21
What is -13 + (-8 + -17 + 5 - (6 - -5))?
-44
What is the value of (-22 + 66 - 41) + -12?
-9
Calculate 10 + (-27 - (-32 - -7 - (9 - 22))).
-5
Evaluate -138 + (-57 - -174 - 84).
-105
(-1378 - -1339) + (-2 + 0 - (5 - 18))
-28
What is the value of 21 + -23 + 0 - -24 - 56?
-34
What is the value of 3 - ((-9 - ((0 - 2) + (32 - 40))) + -42)?
44
Evaluate (14 + 13 + -16 - -10) + 19.
40
What is 2 + (-3 + (-14 - -32) - 4) + -96?
-83
Calculate -12 + (1 - -31 - 0 - (496 + -500)).
24
Evaluate (-17 - (36 - 47)) + 105 + 52.
151
(7 + (-1 - -2) - 0) + -135 + 60 + 48
-19
What is -803 + 956 + (-158 - -27)?
22
(65 + 7 + -62 - (-1 + -9)) + -138
-118
-1 - (-21 - (-64 - -13))
-31
84 - (-21 - (-64 + 16 + 17) - (0 - -15))
89
Calculate (-2864 - -2837 - (1 + 32)) + -2 + -14.
-76
What is the value of (-5 + 6 - 2) + (-22 - -15 - 6)?
-14
What is 77 - (-60 + (7 - -28) + (-2 - -6))?
98
Calculate 6 + -15 - (-66 + (2 - (2 + 3) - -6)).
54
What is the value of -5 + (-10 - -13) + -9 - (14 + 8)?
-33
Calculate (-45 - 54 - -11) + 47.
-41
Calculate 33 - (94 + -56 - 4).
-1
What is 5 + (24 - 54) + 17 - 17?
-25
Calculate -41 + -24 + 30 - (-11 - (-3 - (4 - 6))).
-25
Evaluate 8 + (22 - 18 - -3) + (2 - 3).
14
Calculate 7 + -29 - -23 - (-6 - (-7 - 6)).
-6
33 + 17 + -53 - (13 - 19 - -136)
-133
What is -755 - -736 - ((13 - 0) + 1)?
-33
Calculate 80 + (-47 - -49 - 45).
37
What is (31 - 14) + 20 + -17 - 86?
-66
-59 + (-95 - -155) + (7 - (2 + -4)) + 91
101
Evaluate -61 + 21 + 11 + -22 + -69 + 61.
-59
(11 - 8) + -20 - -9 - (39 + 1)
-48
What is the value of (-43 - -20) + -27 + 69?
19
What is the value of (-13 - -31) + (-6 + 11 + -6 - 5)?
12
Calculate -154 - -156 - (-29 + 6 - -2).
23
Evaluate (-2 + -18 - 26) + (5 - 1) + -5 - 7.
-54
Calculate -9 + 27 + -28 - (-3 - -9 - (-12 + -3)).
-31
24 + 24 + -18 - 35 - 29
-34
Calculate -12 - (-6 + 5) - (47 - (-81 - -113)).
-26
Evaluate (-12 - 1) + (1 - -3) + -7 + -24.
-40
12 + (-62 - -29) - -23
2
Calculate -18 + (42 - (31 + -27)) + -36.
-16
What is the value of -4 + 10 + -24 - (-423 + 353)?
52
Calculate -6 - ((1 - -20) + -663 + 661).
-25
What is 95 - -1 - (0 - -1) - (71 + -22 - 52)?
98
Calculate 13 - (-7 + (7 - (-3 - -22))).
32
Evaluate -13 + 23 + (14 - 10) + 1 - 129.
-114
Evaluate -28 + (2 - -3) + 19 + -12 + -12.
-28
4 + 31 + 66 + -92 - (-2 + -46)
57
40 - 23 - (-75 + (11 - 2)) - 12
71
Calculate 47 - 71 - 40 - -47.
-17
Evaluate 6 - (16 + -13 + (7 - 1 - -4)).
-7
Calculate 20 + 2 + (26 - 12 - -9).
45
What is -41 + 11 + (-8 - -37) + -84?
-85
Evaluate (-5 - (-2 - (16 + -6 - 18))) + 29.
18
Calculate (-42 - (-3 + 6)) + (12 - 5 - 25).
-63
Calculate 22 + -18 + 40 - (176 - 182).
50
Evaluate -9 + -5 - -13 - (-5 - (-2 - -1)).
3
Evaluate (50 + 2 + -43 - (1 + -23)) + 18.
49
6 - (30 - (-12 - -15))
-21
What is -30 + 1 + -3 - (6020 + -6000)?
-52
What is the value of 5 + (-9 + 2 + 6 - -9) 